{"id":4809,"date":"2020-12-04T11:26:55","date_gmt":"2020-12-04T09:26:55","guid":{"rendered":"http:\/\/mel.cat\/?page_id=4809"},"modified":"2021-04-09T18:12:32","modified_gmt":"2021-04-09T16:12:32","slug":"judit-commeleran-moure","status":"publish","type":"page","link":"https:\/\/mel.cat\/cast\/judit-commeleran-moure\/","title":{"rendered":"Judit Commeleran Moure"},"content":{"rendered":"<div class=\"vc_row wpb_row vc_row-fluid vc_custom_1607942117674 vc_row-o-content-middle vc_row-flex\" ><div class=\"wpb_column vc_column_container vc_col-sm-3 vc_col-xs-6\"><div class=\"vc_column-inner\"><div class=\"wpb_wrapper\"><div class=\"eltdf-single-image-holder\">\n    <div class=\"eltdf-si-inner\" >\n                                    <img loading=\"lazy\" decoding=\"async\" width=\"300\" height=\"300\" src=\"https:\/\/mel.cat\/wp-content\/uploads\/2020\/12\/Judit.png\" class=\"attachment-full size-full\" alt=\"\" srcset=\"https:\/\/mel.cat\/wp-content\/uploads\/2020\/12\/Judit.png 300w, https:\/\/mel.cat\/wp-content\/uploads\/2020\/12\/Judit-150x150.png 150w, https:\/\/mel.cat\/wp-content\/uploads\/2020\/12\/Judit-100x100.png 100w\" sizes=\"auto, (max-width: 300px) 100vw, 300px\" \/>                        <\/div>\n<\/div><\/div><\/div><\/div><div class=\"wpb_column vc_column_container vc_col-sm-9\"><div class=\"vc_column-inner\"><div class=\"wpb_wrapper\">\n\t<div class=\"wpb_text_column wpb_content_element\" >\n\t\t<div class=\"wpb_wrapper\">\n\t\t\t<h5 style=\"text-align: left;\"><span style=\"color: #8883bc;\"><strong>Judit Commeleran Moure<\/strong><\/span><\/h5>\n\n\t\t<\/div>\n\t<\/div>\n<\/div><\/div><\/div><\/div><div class=\"vc_row wpb_row vc_row-fluid\" ><div class=\"wpb_column vc_column_container vc_col-sm-12\"><div class=\"vc_column-inner\"><div class=\"wpb_wrapper\">\n\t<div class=\"wpb_text_column wpb_content_element\" >\n\t\t<div class=\"wpb_wrapper\">\n\t\t\t<p>Nac\u00ed en Barcelona el a\u00f1o 1967. Vivo en La Costa del Montseny.<br \/>\nEstoy casada con David, somos madre y padre de Pau, Fiona y de Maria Violeta.<\/p>\n\n\t\t<\/div>\n\t<\/div>\n<div class=\"vc_empty_space\"   style=\"height: 20px\" ><span class=\"vc_empty_space_inner\"><\/span><\/div>\n<\/div><\/div><\/div><\/div><div class=\"vc_row wpb_row vc_row-fluid\" ><div class=\"wpb_column vc_column_container vc_col-sm-12\"><div class=\"vc_column-inner\"><div class=\"wpb_wrapper\">\n\t<div class=\"wpb_text_column wpb_content_element\" >\n\t\t<div class=\"wpb_wrapper\">\n\t\t\t<p>Mi vida profesional transit\u00f3 primero por el mundo del dise\u00f1o gr\u00e1fico y la direcci\u00f3n de arte (1986 \u2013 1996) y posteriormente por el mundo de la salud y el acompa\u00f1amiento.<\/p>\n\n\t\t<\/div>\n\t<\/div>\n<div class=\"vc_empty_space\"   style=\"height: 20px\" ><span class=\"vc_empty_space_inner\"><\/span><\/div>\n<\/div><\/div><\/div><\/div><div class=\"vc_row wpb_row vc_row-fluid\" ><div class=\"wpb_column vc_column_container vc_col-sm-12\"><div class=\"vc_column-inner\"><div class=\"wpb_wrapper\">\n\t<div class=\"wpb_text_column wpb_content_element\" >\n\t\t<div class=\"wpb_wrapper\">\n\t\t\t<p>Desde el a\u00f1o 1999 me dedico al masaje terap\u00e9utico.<br \/>\nEstoy formada en\u00a0la pr\u00e1ctica de <strong>Chi Nei Tsang<\/strong> (masaje tao\u00edsta que trabaja con la energ\u00eda de los \u00f3rganos internos) en Berkeley, California, con el maestro Gilles Marin. En quiromasaje (escuela de masaje Quirotema, Barcelona) y en otras t\u00e9cnicas de masaje de la mano de mi madre, Maria Moure.<\/p>\n<p>Em 1992 me inici\u00e9 en el camino del aprendizaje de<strong> bioenerg\u00e9tica tao\u00edsta, chi kung y meditaci\u00f3n<\/strong>. He aprendido de l@s maestr@s Guillermo Leyva, Juan Li, Gilles Marin, Marcia Kerwit, \u00d3scar Salazar, Dirhavamsa. Reconozco la referencia significativa y transformadora que ha sido la lectura y el estudio sobre las vidas y las ense\u00f1anzas de los mestros Osho y Tich Nhat Hanh.<\/p>\n\n\t\t<\/div>\n\t<\/div>\n<div class=\"vc_empty_space\"   style=\"height: 20px\" ><span class=\"vc_empty_space_inner\"><\/span><\/div>\n<\/div><\/div><\/div><\/div><div class=\"vc_row wpb_row vc_row-fluid\" ><div class=\"wpb_column vc_column_container vc_col-sm-12\"><div class=\"vc_column-inner\"><div class=\"wpb_wrapper\">\n\t<div class=\"wpb_text_column wpb_content_element\" >\n\t\t<div class=\"wpb_wrapper\">\n\t\t\t<p>En 2000 comenc\u00e9 a gestar <strong>MEL, M\u00e9s Enll\u00e0 dels L\u00edmits (M\u00e1s all\u00e1 de los l\u00edmites)<\/strong>, un proyecto de salud y vida, enfocado en cuidar y acompa\u00f1ar personas en los procesos naturales de la vida y la muerte.<\/p>\n\n\t\t<\/div>\n\t<\/div>\n<div class=\"vc_empty_space\"   style=\"height: 20px\" ><span class=\"vc_empty_space_inner\"><\/span><\/div>\n<\/div><\/div><\/div><\/div><div class=\"vc_row wpb_row vc_row-fluid\" ><div class=\"wpb_column vc_column_container vc_col-sm-12\"><div class=\"vc_column-inner\"><div class=\"wpb_wrapper\">\n\t<div class=\"wpb_text_column wpb_content_element\" >\n\t\t<div class=\"wpb_wrapper\">\n\t\t\t<p>En 2005 fui madre e inici\u00e9 la vida familiar y la crianza, un viaje maravilloso de aprendizaje, de crecimiento y transformaci\u00f3n personal que sigue d\u00eda tras d\u00eda. Vivo la maternidad plenamente, con conciencia y, a la vez, como una fuente de inspiraci\u00f3n y de creatividad, de conexi\u00f3n con mi instinto. Despierta en mi el impulso de b\u00fasqueda y el inter\u00e9s para conocer, integrar y desarrollar un acompa\u00f1amiento respetuoso a ni\u00f1os y adolescentes. Resueno, valoro, practico y me pongo al servicio de la educaci\u00f3n viva, libre y activa.<\/p>\n\n\t\t<\/div>\n\t<\/div>\n<div class=\"vc_empty_space\"   style=\"height: 20px\" ><span class=\"vc_empty_space_inner\"><\/span><\/div>\n<\/div><\/div><\/div><\/div><div class=\"vc_row wpb_row vc_row-fluid\" ><div class=\"wpb_column vc_column_container vc_col-sm-12\"><div class=\"vc_column-inner\"><div class=\"wpb_wrapper\">\n\t<div class=\"wpb_text_column wpb_content_element\" >\n\t\t<div class=\"wpb_wrapper\">\n\t\t\t<p>Escuchar las necesidades de l@s hij@s y de la familia nos llev\u00f3 a crear MELinfancia, una escuelita para ni\u00f1os y ni\u00f1as de 3 a 6 a\u00f1os, de educaci\u00f3n libre y activa (2007-2011) y a despertar el inter\u00e9s para investigar y conocer diferentes pedagog\u00edas integradoras donde la persona adulta acompa\u00f1a con actitud de estar presente, con escucha y mirada atenta, facilitando al ni\u00f1@ un tiempo y un espacio donde poder SER y desplegarse en plenitud, respetando sus ritmos de crecimiento y de aprendizaje.<\/p>\n\n\t\t<\/div>\n\t<\/div>\n<div class=\"vc_empty_space\"   style=\"height: 20px\" ><span class=\"vc_empty_space_inner\"><\/span><\/div>\n<\/div><\/div><\/div><\/div><div class=\"vc_row wpb_row vc_row-fluid\" ><div class=\"wpb_column vc_column_container vc_col-sm-12\"><div class=\"vc_column-inner\"><div class=\"wpb_wrapper\">\n\t<div class=\"wpb_text_column wpb_content_element\" >\n\t\t<div class=\"wpb_wrapper\">\n\t\t\t<p>En 2012 descubro la <strong>Comunicaci\u00f3n NoViolenta<\/strong> (CNV) de Marshall B. Rosenberg y empiezo a formarme para integrarla en mi vida. Ha estado una experiencia transformadora que ha despertado en m\u00ed el deseo de divulgar, compartir y facilitar la pr\u00e1ctica de la CNV a personas, grupos y organizaciones.<\/p>\n\n\t\t<\/div>\n\t<\/div>\n<div class=\"vc_empty_space\"   style=\"height: 20px\" ><span class=\"vc_empty_space_inner\"><\/span><\/div>\n<\/div><\/div><\/div><\/div><div class=\"vc_row wpb_row vc_row-fluid\" ><div class=\"wpb_column vc_column_container vc_col-sm-12\"><div class=\"vc_column-inner\"><div class=\"wpb_wrapper\">\n\t<div class=\"wpb_text_column wpb_content_element\" >\n\t\t<div class=\"wpb_wrapper\">\n\t\t\t<p>Desde 2016 soy miembro cofundadora de<strong>&amp;nbspEl Planter<\/strong> un proyecto de educaci\u00f3n activa y viva para j\u00f3venes, en la etapa de secundaria, en Santa Maria de Palautordera. Formo parte del equipo pedag\u00f3gico y acompa\u00f1ante. En el d\u00eda a d\u00eda despliego con el grupo de j\u00f3venes el espacio de cuerpo y de arte. Me ocupo de crear espacios de escucha emp\u00e1tica, de di\u00e1logos, de soporte y gesti\u00f3n emocional, de facilitaci\u00f3n relacional y de formaci\u00f3n e integraci\u00f3n de la comunicaci\u00f3n consciente y noviolenta.<\/p>\n\n\t\t<\/div>\n\t<\/div>\n<\/div><\/div><\/div><\/div>","protected":false},"excerpt":{"rendered":"Judit Commeleran Moure Vaig n\u00e9ixer a Barcelona l\u2019any 1967. Visc a La Costa del Montseny. Casada amb el David, som mare i pare d\u2019en Pau, la Fiona i la Maria Violeta. La meva vida professional va transitar primer pel m\u00f3n del disseny gr\u00e0fic i la [...]","protected":false},"author":1,"featured_media":0,"parent":0,"menu_order":0,"comment_status":"closed","ping_status":"closed","template":"","meta":{"footnotes":""},"class_list":["post-4809","page","type-page","status-publish","hentry"],"_links":{"self":[{"href":"https:\/\/mel.cat\/cast\/wp-json\/wp\/v2\/pages\/4809","targetHints":{"allow":["GET"]}}],"collection":[{"href":"https:\/\/mel.cat\/cast\/wp-json\/wp\/v2\/pages"}],"about":[{"href":"https:\/\/mel.cat\/cast\/wp-json\/wp\/v2\/types\/page"}],"author":[{"embeddable":true,"href":"https:\/\/mel.cat\/cast\/wp-json\/wp\/v2\/users\/1"}],"replies":[{"embeddable":true,"href":"https:\/\/mel.cat\/cast\/wp-json\/wp\/v2\/comments?post=4809"}],"version-history":[{"count":26,"href":"https:\/\/mel.cat\/cast\/wp-json\/wp\/v2\/pages\/4809\/revisions"}],"predecessor-version":[{"id":5243,"href":"https:\/\/mel.cat\/cast\/wp-json\/wp\/v2\/pages\/4809\/revisions\/5243"}],"wp:attachment":[{"href":"https:\/\/mel.cat\/cast\/wp-json\/wp\/v2\/media?parent=4809"}],"curies":[{"name":"wp","href":"https:\/\/api.w.org\/{rel}","templated":true}]}}