{"id":4711,"date":"2020-11-23T12:02:19","date_gmt":"2020-11-23T10:02:19","guid":{"rendered":"http:\/\/mel.cat\/?page_id=4711"},"modified":"2021-01-26T17:15:08","modified_gmt":"2021-01-26T15:15:08","slug":"chi-nei-tsang","status":"publish","type":"page","link":"https:\/\/mel.cat\/cast\/chi-nei-tsang\/","title":{"rendered":"Chi Nei Tsang (CNT) y Chi Kung"},"content":{"rendered":"<div data-vc-full-width=\"true\" data-vc-full-width-init=\"false\" data-vc-stretch-content=\"true\" class=\"vc_row wpb_row vc_row-fluid vc_custom_1605882481459\" ><div class=\"wpb_column vc_column_container vc_col-sm-12\"><div class=\"vc_column-inner\"><div class=\"wpb_wrapper\">\n\t<div class=\"wpb_text_column wpb_content_element\" >\n\t\t<div class=\"wpb_wrapper\">\n\t\t\t<h2 style=\"text-align: center;\"><span style=\"color: #b3c233;\">Chi Nei Tsang (CNT)<\/span><br \/>\n<span style=\"color: #b3c233;\">y Chi Kung<\/span><\/h2>\n\n\t\t<\/div>\n\t<\/div>\n<\/div><\/div><\/div><\/div><div class=\"vc_row-full-width vc_clearfix\"><\/div><div class=\"vc_row wpb_row vc_row-fluid\" ><div class=\"wpb_column vc_column_container vc_col-sm-12\"><div class=\"vc_column-inner\"><div class=\"wpb_wrapper\">\n\t<div class=\"wpb_text_column wpb_content_element\" >\n\t\t<div class=\"wpb_wrapper\">\n\t\t\t<p class=\"p1\"><strong><span style=\"color: #b3c233;\">El Chi Nei Tsang (CNT)<\/span><\/strong> es una pr\u00e1ctica tao\u00edsta de masaje, con tacto penetrante, suave y profundo a la vez. Con la respiraci\u00f3n consciente, la escucha y la mirada hacia dentro, estableceremos conexi\u00f3n sensitiva con los \u00f3rganos internos. Todo un movimiento del sistema energ\u00e9tico que, a tu ritmo, te permitir\u00e1 abrirte a procesos de liberaci\u00f3n profundos, a armonizar y equilibrar tu cuerpo f\u00edsico, el cuerpo emocional y mental, aportando claridad, salud y bienestar.<\/p>\n\n\t\t<\/div>\n\t<\/div>\n<div class=\"vc_empty_space\"   style=\"height: 20px\" ><span class=\"vc_empty_space_inner\"><\/span><\/div>\n<\/div><\/div><\/div><\/div><div class=\"vc_row wpb_row vc_row-fluid\" ><div class=\"wpb_column vc_column_container vc_col-sm-12\"><div class=\"vc_column-inner\"><div class=\"wpb_wrapper\">\n\t<div class=\"wpb_text_column wpb_content_element\" >\n\t\t<div class=\"wpb_wrapper\">\n\t\t\t<p class=\"p1\">El CNT pone \u00e9nfasis en el centro abdominal, liberando poco a poco y sin prisa la energ\u00eda estancada; deshaciendo nudos, aflojando tensiones y dejando salir las resistencias y los frenos que obstaculizan la expresi\u00f3n de la naturaleza del Ser que eres.<\/p>\n\n\t\t<\/div>\n\t<\/div>\n<div class=\"vc_empty_space\"   style=\"height: 20px\" ><span class=\"vc_empty_space_inner\"><\/span><\/div>\n<\/div><\/div><\/div><\/div><div class=\"vc_row wpb_row vc_row-fluid vc_custom_1605882778507\" ><div class=\"wpb_column vc_column_container vc_col-sm-12\"><div class=\"vc_column-inner\"><div class=\"wpb_wrapper\">\n\t<div class=\"wpb_text_column wpb_content_element\" >\n\t\t<div class=\"wpb_wrapper\">\n\t\t\t<p class=\"p1\">En sinton\u00eda con los ciclos naturales, el CNT act\u00faa bas\u00e1ndose en la ley de los 5 elementos:<br \/>\n<strong>Madera, Fuego, Metal, Tierra y Agua<\/strong>. Sentir\u00e1s manifestarse en tu cuerpo las cualidades energ\u00e9ticas y la interacci\u00f3n que entre ellos se da, descubriendo tu universo interior.<\/p>\n\n\t\t<\/div>\n\t<\/div>\n<div class=\"vc_empty_space\"   style=\"height: 20px\" ><span class=\"vc_empty_space_inner\"><\/span><\/div>\n<\/div><\/div><\/div><\/div><div class=\"vc_row wpb_row vc_row-fluid vc_custom_1607076103532\" ><div class=\"wpb_column vc_column_container vc_col-sm-3\"><div class=\"vc_column-inner\"><div class=\"wpb_wrapper\"><\/div><\/div><\/div><div class=\"wpb_column vc_column_container vc_col-sm-6\"><div class=\"vc_column-inner\"><div class=\"wpb_wrapper\"><div class=\"eltdf-single-image-holder\">\n    <div class=\"eltdf-si-inner\" >\n                                    <img loading=\"lazy\" decoding=\"async\" width=\"800\" height=\"761\" src=\"https:\/\/mel.cat\/wp-content\/uploads\/2020\/11\/CNT_5.jpg\" class=\"attachment-full size-full\" alt=\"\" srcset=\"https:\/\/mel.cat\/wp-content\/uploads\/2020\/11\/CNT_5.jpg 800w, https:\/\/mel.cat\/wp-content\/uploads\/2020\/11\/CNT_5-300x285.jpg 300w, https:\/\/mel.cat\/wp-content\/uploads\/2020\/11\/CNT_5-768x731.jpg 768w, https:\/\/mel.cat\/wp-content\/uploads\/2020\/11\/CNT_5-600x571.jpg 600w\" sizes=\"auto, (max-width: 800px) 100vw, 800px\" \/>                        <\/div>\n<\/div><\/div><\/div><\/div><div class=\"wpb_column vc_column_container vc_col-sm-3\"><div class=\"vc_column-inner\"><div class=\"wpb_wrapper\"><\/div><\/div><\/div><\/div><div class=\"vc_row wpb_row vc_row-fluid vc_custom_1607076174945\" ><div class=\"wpb_column vc_column_container vc_col-sm-12\"><div class=\"vc_column-inner\"><div class=\"wpb_wrapper\">\n\t<div class=\"wpb_text_column wpb_content_element\" >\n\t\t<div class=\"wpb_wrapper\">\n\t\t\t<p class=\"p1\">Te acompa\u00f1o en este viaje hacia el interior, a trav\u00e9s del contacto, con las manos y la respiraci\u00f3n. Estando a tu lado con una presencia serena y amorosa, abierta y neutra, con ternura y respeto, dejando que se exprese lo que emerge en cada momento.<br \/>\nQuiz\u00e1 transites por tramos de dolor, de bloqueos, de heridas, olas emocionales de miedo, ansiedad, tristeza, ira, alegr\u00eda\u2026 les daremos espacio y tiempo para identificar, transitar y transformar: respirando, respirando, respirando\u2026 ahora y aqu\u00ed, dejando lugar a la manifestaci\u00f3n espont\u00e1nea y la acci\u00f3n intuitiva que surge al dejar que el coraz\u00f3n sigue siendo nuestra gu\u00eda interior.<\/p>\n\n\t\t<\/div>\n\t<\/div>\n<\/div><\/div><\/div><\/div><div data-vc-full-width=\"true\" data-vc-full-width-init=\"false\" data-vc-stretch-content=\"true\" class=\"vc_row wpb_row vc_row-fluid wpb_animate_when_almost_visible wpb_fadeIn fadeIn vc_custom_1606239519406 vc_row-no-padding\" ><div class=\"wpb_column vc_column_container vc_col-sm-12\"><div class=\"vc_column-inner\"><div class=\"wpb_wrapper\"><div class=\"eltdf-image-gallery eltdf-grid-list eltdf-grid-masonry-list eltdf-disable-bottom-space  eltdf-ig-masonry-type eltdf-four-columns eltdf-small-space\">\n\t<div class=\"eltdf-ig-inner eltdf-outer-space eltdf-masonry-list-wrapper\">\n\t\t<div class=\"eltdf-masonry-grid-sizer\"><\/div>\n\t\t<div class=\"eltdf-masonry-grid-gutter\"><\/div>\n\t\t\t\t\t\t\t\t<div class=\"eltdf-ig-image eltdf-item-space\">\n\t\t\t\t<div class=\"eltdf-ig-image-inner\">\n\t\t\t\t\t\t\t\t\t\t\t<img loading=\"lazy\" decoding=\"async\" width=\"650\" height=\"493\" src=\"https:\/\/mel.cat\/wp-content\/uploads\/2020\/12\/CNT_1.jpg\" class=\"attachment-full size-full\" alt=\"\" srcset=\"https:\/\/mel.cat\/wp-content\/uploads\/2020\/12\/CNT_1.jpg 650w, https:\/\/mel.cat\/wp-content\/uploads\/2020\/12\/CNT_1-300x228.jpg 300w, https:\/\/mel.cat\/wp-content\/uploads\/2020\/12\/CNT_1-600x455.jpg 600w\" sizes=\"auto, (max-width: 650px) 100vw, 650px\" \/>\t\t\t\t\t\t\t\t\t<\/div>\n\t\t\t<\/div>\n\t\t\t\t\t\t\t\t<div class=\"eltdf-ig-image eltdf-item-space\">\n\t\t\t\t<div class=\"eltdf-ig-image-inner\">\n\t\t\t\t\t\t\t\t\t\t\t<img loading=\"lazy\" decoding=\"async\" width=\"1300\" height=\"985\" src=\"https:\/\/mel.cat\/wp-content\/uploads\/2020\/12\/CNT_2.jpg\" class=\"attachment-full size-full\" alt=\"\" srcset=\"https:\/\/mel.cat\/wp-content\/uploads\/2020\/12\/CNT_2.jpg 1300w, https:\/\/mel.cat\/wp-content\/uploads\/2020\/12\/CNT_2-300x227.jpg 300w, https:\/\/mel.cat\/wp-content\/uploads\/2020\/12\/CNT_2-1024x776.jpg 1024w, https:\/\/mel.cat\/wp-content\/uploads\/2020\/12\/CNT_2-768x582.jpg 768w, https:\/\/mel.cat\/wp-content\/uploads\/2020\/12\/CNT_2-600x455.jpg 600w\" sizes=\"auto, (max-width: 1300px) 100vw, 1300px\" \/>\t\t\t\t\t\t\t\t\t<\/div>\n\t\t\t<\/div>\n\t\t\t\t\t\t\t\t<div class=\"eltdf-ig-image eltdf-item-space\">\n\t\t\t\t<div class=\"eltdf-ig-image-inner\">\n\t\t\t\t\t\t\t\t\t\t\t<img loading=\"lazy\" decoding=\"async\" width=\"1300\" height=\"985\" src=\"https:\/\/mel.cat\/wp-content\/uploads\/2020\/12\/CNT_3.jpg\" class=\"attachment-full size-full\" alt=\"\" srcset=\"https:\/\/mel.cat\/wp-content\/uploads\/2020\/12\/CNT_3.jpg 1300w, https:\/\/mel.cat\/wp-content\/uploads\/2020\/12\/CNT_3-300x227.jpg 300w, https:\/\/mel.cat\/wp-content\/uploads\/2020\/12\/CNT_3-1024x776.jpg 1024w, https:\/\/mel.cat\/wp-content\/uploads\/2020\/12\/CNT_3-768x582.jpg 768w, https:\/\/mel.cat\/wp-content\/uploads\/2020\/12\/CNT_3-600x455.jpg 600w\" sizes=\"auto, (max-width: 1300px) 100vw, 1300px\" \/>\t\t\t\t\t\t\t\t\t<\/div>\n\t\t\t<\/div>\n\t\t\t\t\t\t\t\t<div class=\"eltdf-ig-image eltdf-item-space\">\n\t\t\t\t<div class=\"eltdf-ig-image-inner\">\n\t\t\t\t\t\t\t\t\t\t\t<img loading=\"lazy\" decoding=\"async\" width=\"1300\" height=\"985\" src=\"https:\/\/mel.cat\/wp-content\/uploads\/2020\/12\/CNT_4.jpg\" class=\"attachment-full size-full\" alt=\"\" srcset=\"https:\/\/mel.cat\/wp-content\/uploads\/2020\/12\/CNT_4.jpg 1300w, https:\/\/mel.cat\/wp-content\/uploads\/2020\/12\/CNT_4-300x227.jpg 300w, https:\/\/mel.cat\/wp-content\/uploads\/2020\/12\/CNT_4-1024x776.jpg 1024w, https:\/\/mel.cat\/wp-content\/uploads\/2020\/12\/CNT_4-768x582.jpg 768w, https:\/\/mel.cat\/wp-content\/uploads\/2020\/12\/CNT_4-600x455.jpg 600w\" sizes=\"auto, (max-width: 1300px) 100vw, 1300px\" \/>\t\t\t\t\t\t\t\t\t<\/div>\n\t\t\t<\/div>\n\t\t\t<\/div>\n<\/div><\/div><\/div><\/div><\/div><div class=\"vc_row-full-width vc_clearfix\"><\/div><div class=\"vc_row wpb_row vc_row-fluid vc_custom_1607076365377\" ><div class=\"wpb_column vc_column_container vc_col-sm-12\"><div class=\"vc_column-inner\"><div class=\"wpb_wrapper\">\n\t<div class=\"wpb_text_column wpb_content_element\" >\n\t\t<div class=\"wpb_wrapper\">\n\t\t\t<p class=\"p1\">La pr\u00e1ctica del <strong><span style=\"color: #b3c233;\">Chi Kung<\/span><\/strong>, la bioenerg\u00e9tica tao\u00edsta y la meditaci\u00f3n nos ayuda a estar presentes, a cuidar de la salud y a vivir de manera m\u00e1s despierta y llena. A trav\u00e9s de movimientos lentos, estiramientos y automasaje; partiendo de la pr\u00e1ctica de enraizarse y de la toma de Tierra para centrarse y alinearse, para observar, sentir, darse cuenta\u2026 para cultivar la presencia, la escucha interior y la mirada atenta. Mediante la pr\u00e1ctica de quietud, de silencio, de caminar consciente, de practicar la sonrisa interior y sonidos sanadores podremos despertar, abrir, movilizar y equilibrar la energ\u00eda vital.<\/p>\n\n\t\t<\/div>\n\t<\/div>\n<\/div><\/div><\/div><\/div><div data-vc-full-width=\"true\" data-vc-full-width-init=\"false\" data-vc-stretch-content=\"true\" class=\"vc_row wpb_row vc_row-fluid wpb_animate_when_almost_visible wpb_fadeIn fadeIn vc_custom_1607945439095 vc_row-has-fill\" ><div class=\"wpb_column vc_column_container vc_col-sm-12\"><div class=\"vc_column-inner\"><div class=\"wpb_wrapper\"><div class=\"eltdf-call-to-action-holder  eltdf-normal-layout eltdf-content-in-grid eltdf-three-quarters-columns\">\n\t<div class=\"eltdf-cta-inner eltdf-grid\">\n\t\t<div class=\"eltdf-cta-text-holder\">\n\t\t\t<div class=\"eltdf-cta-text\">\n<h5><strong>Sesiones individuales y en grupo<\/strong><\/h5>\n<\/div>\n\t\t<\/div>\n\t\t<div class=\"eltdf-cta-button-holder\" >\n\t\t\t<div class=\"eltdf-cta-button\"><a itemprop=\"url\" href=\"http:\/\/mel.cat\/cast\/contacte\/\" target=\"_self\" style=\"background-color: #b3c233\" class=\"eltdf-btn eltdf-btn-medium eltdf-btn-solid eltdf-btn-custom-hover-bg eltdf-btn-custom-border-hover\" data-hover-bg-color=\"#bbcd22\" data-hover-border-color=\"#bbcd22\" >    <span class=\"eltdf-btn-text\">CONTACTO<\/span>        <\/a><\/div>\n\t\t<\/div>\n\t<\/div>\n<\/div><\/div><\/div><\/div><\/div><div class=\"vc_row-full-width vc_clearfix\"><\/div>","protected":false},"excerpt":{"rendered":"Chi Nei Tsang (CNT) i Chi Kung El Chi Nei Tsang (CNT) \u00e9s una pr\u00e0ctica taoista de massatge, amb tacte penetrant, suau i profund alhora. Amb la respiraci\u00f3 conscient, l\u2019escolta i la mirada cap endins, establirem connexi\u00f3 sensitiva amb els \u00f2rgans interns. Tot un moviment [...]","protected":false},"author":1,"featured_media":0,"parent":0,"menu_order":0,"comment_status":"closed","ping_status":"closed","template":"","meta":{"footnotes":""},"class_list":["post-4711","page","type-page","status-publish","hentry"],"_links":{"self":[{"href":"https:\/\/mel.cat\/cast\/wp-json\/wp\/v2\/pages\/4711","targetHints":{"allow":["GET"]}}],"collection":[{"href":"https:\/\/mel.cat\/cast\/wp-json\/wp\/v2\/pages"}],"about":[{"href":"https:\/\/mel.cat\/cast\/wp-json\/wp\/v2\/types\/page"}],"author":[{"embeddable":true,"href":"https:\/\/mel.cat\/cast\/wp-json\/wp\/v2\/users\/1"}],"replies":[{"embeddable":true,"href":"https:\/\/mel.cat\/cast\/wp-json\/wp\/v2\/comments?post=4711"}],"version-history":[{"count":25,"href":"https:\/\/mel.cat\/cast\/wp-json\/wp\/v2\/pages\/4711\/revisions"}],"predecessor-version":[{"id":5182,"href":"https:\/\/mel.cat\/cast\/wp-json\/wp\/v2\/pages\/4711\/revisions\/5182"}],"wp:attachment":[{"href":"https:\/\/mel.cat\/cast\/wp-json\/wp\/v2\/media?parent=4711"}],"curies":[{"name":"wp","href":"https:\/\/api.w.org\/{rel}","templated":true}]}}